{"id":716,"date":"2022-10-10T12:02:51","date_gmt":"2022-10-10T11:02:51","guid":{"rendered":"https:\/\/innovation-africa.com\/2022\/?page_id=716"},"modified":"2022-10-10T12:06:18","modified_gmt":"2022-10-10T11:06:18","slug":"maskott-branded-partner","status":"publish","type":"page","link":"https:\/\/innovation-africa.com\/2022\/maskott-branded-partner\/","title":{"rendered":"Maskott &#8211; Branded Partner"},"content":{"rendered":"<div id=\"cs-content\" class=\"cs-content\"  ><div id=\"x-section-1\" class=\"x-section\" style=\"margin: 0px;padding: 45px 0px; background-color: transparent;\"  ><div class=\"x-container max width\" style=\"margin: 0px auto;padding: 0px;\"  ><div  class=\"x-column x-sm x-1-3\" style=\"padding: 0px;opacity: 0; transform: translate(-45px, 0); transition-duration: 750ms;\" data-x-element=\"column\" data-x-params=\"{&quot;fade&quot;:true}\"  data-fade=\"true\"><hr  class=\"x-gap\" style=\"margin: 5px 0 0 0;\"><img decoding=\"async\"  class=\"x-img x-img-thumbnail\"  src=\"https:\/\/innovation-africa.com\/2022\/wp-content\/uploads\/2022\/09\/Logo_TactileoEdu_vertical-600x400-1.gif\" ><a  class=\"x-btn x-btn-regular x-btn-block\"  href=\"https:\/\/innovation-africa.com\/2022\/partners-sponsors\/\"     data-options=\"thumbnail: ''\"><i  class=\"x-icon mvn mln mrs x-icon-hand-o-right\" data-x-icon-o=\"&#xf0a4;\" aria-hidden=\"true\"><\/i>Back to Summit Partners<\/a><\/div><div  class=\"x-column x-sm x-2-3\" style=\"padding: 0px;opacity: 0; transform: translate(45px, 0); transition-duration: 750ms;\" data-x-element=\"column\" data-x-params=\"{&quot;fade&quot;:true}\"  data-fade=\"true\"><div class=\"x-text cs-ta-justify\"  ><p><strong>(English)<\/strong><\/p>\n<p>Accelerated country-wide deployment of a digital learning platform for training teachers and sharing educational resources with students.<\/p>\n<p>The platform enables the development of a vibrant local content publishing ecosystem that promotes the production of educational resources by local actors. The ecosystem associates the Ministry of Education and its pedagogical services as well as local educational publishers.<\/p>\n<p>The resources produced are made available to teachers, in support of their courses, to provide students with content and exercises to complete in class or at home.<\/p>\n<p>The platform is deployed in 11 West African countries through the regional program imaginecole.africa launched by UNESCO in collaboration with the International Organization of the Francophonie, CONFEMEN and the French Government.<\/p>\n<p>Imaginecole.africa: <span><a href=\"https:\/\/imaginecole.africa\/\" target=\"_blank\" rel=\"noopener noreferrer\">imaginecole.africa<\/a><\/span><\/p>\n<p>Tchad EducaTIC: <span><a href=\"https:\/\/tactileo.africa\/sso\/logon\/Tchad-EducaTIC\" target=\"_blank\" rel=\"noopener noreferrer\">tactileo.africa\/sso\/logon\/Tchad-EducaTIC<\/a><\/span><\/p>\n<p>See also: Compensating the socioeconomic achievement gap with computer-assisted instruction <span><a href=\"https:\/\/onlinelibrary.wiley.com\/doi\/abs\/10.1111\/jcal.12616\" target=\"_blank\" rel=\"noopener noreferrer\">onlinelibrary.wiley.com\/doi\/abs\/10.1111\/jcal.12616<\/a><\/span><\/p>\n<p><strong>(French)<\/strong><\/p>\n<p>D\u00e9ploiement acc\u00e9l\u00e9r\u00e9 \u00e0 l&#8217;\u00e9chelle d&#8217;un pays d&#8217;une plateforme d\u2019apprentissage num\u00e9rique destin\u00e9e \u00e0 la formation des enseignants et au partage aupr\u00e8s des \u00e9l\u00e8ves de ressources p\u00e9dagogiques.<\/p>\n<p>La plateforme permet le d\u00e9veloppement d\u2019un vibrant \u00e9cosyst\u00e8me local d\u2019\u00e9dition de contenus favorisant la production de ressources p\u00e9dagogiques par les acteurs locaux. L\u2019\u00e9cosyst\u00e8me associe le Minist\u00e8re de l\u2019Education nationale et ses services p\u00e9dagogiques ainsi que les \u00e9diteurs scolaires locaux.<\/p>\n<p>Les ressources produites sont mises \u00e0 la disposition des enseignants, en appui de leurs cours, pour proposer aux \u00e9l\u00e8ves des contenus et des exercices \u00e0 r\u00e9aliser en classe ou \u00e0 la maison.<\/p>\n<p>La plateforme est d\u00e9ploy\u00e9e dans 11 pays d\u2019Afrique de l\u2019Ouest au travers du programme r\u00e9gional imaginecole.africa lanc\u00e9 par l\u2019UNESCO en collaboration avec l\u2019Organisation Internationale de la Francophonie, la CONFEMEN et le Gouvernement Fran\u00e7ais.<\/p>\n<p>Imaginecole.africa: <span><a href=\"https:\/\/imaginecole.africa\/\" target=\"_blank\" rel=\"noopener noreferrer\">imaginecole.africa<\/a><\/span><\/p>\n<p>Tchad EducaTIC: <span><a href=\"https:\/\/tactileo.africa\/sso\/logon\/Tchad-EducaTIC\" target=\"_blank\" rel=\"noopener noreferrer\">tactileo.africa\/sso\/logon\/Tchad-EducaTIC<\/a><\/span><\/p>\n<p>Voir \u00e9galement: Compensating the socioeconomic achievement gap with computer-assisted instruction <span><a href=\"https:\/\/onlinelibrary.wiley.com\/doi\/abs\/10.1111\/jcal.12616\" target=\"_blank\" rel=\"noopener noreferrer\">onlinelibrary.wiley.com\/doi\/abs\/10.1111\/jcal.12616<\/a><\/span><\/p>\n<p>Website &#8211; <a href=\"https:\/\/www.maskott.com\/\" target=\"_blank\" rel=\"noopener noreferrer\">maskott.com<\/a><\/p>\n<\/div><\/div><\/div><\/div><\/div>\n","protected":false},"excerpt":{"rendered":"<p>Back to Summit Partners(English) Accelerated country-wide deployment of a digital learning platform for training teachers and sharing educational resources with students. The platform enables the development of a vibrant local content publishing ecosystem that promotes the production of educational resources by local actors. The ecosystem associates the Ministry of Education &#8230; <\/p>\n<div><a href=\"https:\/\/innovation-africa.com\/2022\/maskott-branded-partner\/\" class=\"more-link\">Read More<\/a><\/div>\n","protected":false},"author":1,"featured_media":679,"parent":0,"menu_order":0,"comment_status":"closed","ping_status":"closed","template":"","meta":{"footnotes":""},"yoast_head":"<!-- This site is optimized with the Yoast SEO plugin v23.2 - https:\/\/yoast.com\/wordpress\/plugins\/seo\/ -->\n<title>Maskott - Branded Partner - Innovation Africa 2022<\/title>\n<meta name=\"robots\" content=\"index, follow, max-snippet:-1, max-image-preview:large, max-video-preview:-1\" \/>\n<link rel=\"canonical\" href=\"https:\/\/innovation-africa.com\/2022\/maskott-branded-partner\/\" \/>\n<meta property=\"og:locale\" content=\"en_US\" \/>\n<meta property=\"og:type\" content=\"article\" \/>\n<meta property=\"og:title\" content=\"Maskott - Branded Partner - Innovation Africa 2022\" \/>\n<meta property=\"og:description\" content=\"Back to Summit Partners(English) Accelerated country-wide deployment of a digital learning platform for training teachers and sharing educational resources with students. The platform enables the development of a vibrant local content publishing ecosystem that promotes the production of educational resources by local actors. The ecosystem associates the Ministry of Education ... Read More\" \/>\n<meta property=\"og:url\" content=\"https:\/\/innovation-africa.com\/2022\/maskott-branded-partner\/\" \/>\n<meta property=\"og:site_name\" content=\"Innovation Africa 2022\" \/>\n<meta property=\"article:modified_time\" content=\"2022-10-10T11:06:18+00:00\" \/>\n<meta property=\"og:image\" content=\"https:\/\/innovation-africa.com\/2022\/wp-content\/uploads\/2022\/09\/Logo_TactileoEdu_vertical-600x400-1.gif\" \/>\n\t<meta property=\"og:image:width\" content=\"600\" \/>\n\t<meta property=\"og:image:height\" content=\"400\" \/>\n\t<meta property=\"og:image:type\" content=\"image\/gif\" \/>\n<meta name=\"twitter:card\" content=\"summary_large_image\" \/>\n<meta name=\"twitter:label1\" content=\"Est. reading time\" \/>\n\t<meta name=\"twitter:data1\" content=\"4 minutes\" \/>\n<script type=\"application\/ld+json\" class=\"yoast-schema-graph\">{\"@context\":\"https:\/\/schema.org\",\"@graph\":[{\"@type\":\"WebPage\",\"@id\":\"https:\/\/innovation-africa.com\/2022\/maskott-branded-partner\/\",\"url\":\"https:\/\/innovation-africa.com\/2022\/maskott-branded-partner\/\",\"name\":\"Maskott - Branded Partner - Innovation Africa 2022\",\"isPartOf\":{\"@id\":\"https:\/\/innovation-africa.com\/2022\/#website\"},\"primaryImageOfPage\":{\"@id\":\"https:\/\/innovation-africa.com\/2022\/maskott-branded-partner\/#primaryimage\"},\"image\":{\"@id\":\"https:\/\/innovation-africa.com\/2022\/maskott-branded-partner\/#primaryimage\"},\"thumbnailUrl\":\"https:\/\/innovation-africa.com\/2022\/wp-content\/uploads\/2022\/09\/Logo_TactileoEdu_vertical-600x400-1.gif\",\"datePublished\":\"2022-10-10T11:02:51+00:00\",\"dateModified\":\"2022-10-10T11:06:18+00:00\",\"breadcrumb\":{\"@id\":\"https:\/\/innovation-africa.com\/2022\/maskott-branded-partner\/#breadcrumb\"},\"inLanguage\":\"en-US\",\"potentialAction\":[{\"@type\":\"ReadAction\",\"target\":[\"https:\/\/innovation-africa.com\/2022\/maskott-branded-partner\/\"]}]},{\"@type\":\"ImageObject\",\"inLanguage\":\"en-US\",\"@id\":\"https:\/\/innovation-africa.com\/2022\/maskott-branded-partner\/#primaryimage\",\"url\":\"https:\/\/innovation-africa.com\/2022\/wp-content\/uploads\/2022\/09\/Logo_TactileoEdu_vertical-600x400-1.gif\",\"contentUrl\":\"https:\/\/innovation-africa.com\/2022\/wp-content\/uploads\/2022\/09\/Logo_TactileoEdu_vertical-600x400-1.gif\",\"width\":600,\"height\":400},{\"@type\":\"BreadcrumbList\",\"@id\":\"https:\/\/innovation-africa.com\/2022\/maskott-branded-partner\/#breadcrumb\",\"itemListElement\":[{\"@type\":\"ListItem\",\"position\":1,\"name\":\"Home\",\"item\":\"https:\/\/innovation-africa.com\/2022\/\"},{\"@type\":\"ListItem\",\"position\":2,\"name\":\"Maskott &#8211; Branded Partner\"}]},{\"@type\":\"WebSite\",\"@id\":\"https:\/\/innovation-africa.com\/2022\/#website\",\"url\":\"https:\/\/innovation-africa.com\/2022\/\",\"name\":\"Innovation Africa 2022\",\"description\":\"Africa\u2019s Official Ministerial Summit\",\"potentialAction\":[{\"@type\":\"SearchAction\",\"target\":{\"@type\":\"EntryPoint\",\"urlTemplate\":\"https:\/\/innovation-africa.com\/2022\/?s={search_term_string}\"},\"query-input\":\"required name=search_term_string\"}],\"inLanguage\":\"en-US\"}]}<\/script>\n<!-- \/ Yoast SEO plugin. -->","yoast_head_json":{"title":"Maskott - Branded Partner - Innovation Africa 2022","robots":{"index":"index","follow":"follow","max-snippet":"max-snippet:-1","max-image-preview":"max-image-preview:large","max-video-preview":"max-video-preview:-1"},"canonical":"https:\/\/innovation-africa.com\/2022\/maskott-branded-partner\/","og_locale":"en_US","og_type":"article","og_title":"Maskott - Branded Partner - Innovation Africa 2022","og_description":"Back to Summit Partners(English) Accelerated country-wide deployment of a digital learning platform for training teachers and sharing educational resources with students. The platform enables the development of a vibrant local content publishing ecosystem that promotes the production of educational resources by local actors. The ecosystem associates the Ministry of Education ... Read More","og_url":"https:\/\/innovation-africa.com\/2022\/maskott-branded-partner\/","og_site_name":"Innovation Africa 2022","article_modified_time":"2022-10-10T11:06:18+00:00","og_image":[{"width":600,"height":400,"url":"https:\/\/innovation-africa.com\/2022\/wp-content\/uploads\/2022\/09\/Logo_TactileoEdu_vertical-600x400-1.gif","type":"image\/gif"}],"twitter_card":"summary_large_image","twitter_misc":{"Est. reading time":"4 minutes"},"schema":{"@context":"https:\/\/schema.org","@graph":[{"@type":"WebPage","@id":"https:\/\/innovation-africa.com\/2022\/maskott-branded-partner\/","url":"https:\/\/innovation-africa.com\/2022\/maskott-branded-partner\/","name":"Maskott - Branded Partner - Innovation Africa 2022","isPartOf":{"@id":"https:\/\/innovation-africa.com\/2022\/#website"},"primaryImageOfPage":{"@id":"https:\/\/innovation-africa.com\/2022\/maskott-branded-partner\/#primaryimage"},"image":{"@id":"https:\/\/innovation-africa.com\/2022\/maskott-branded-partner\/#primaryimage"},"thumbnailUrl":"https:\/\/innovation-africa.com\/2022\/wp-content\/uploads\/2022\/09\/Logo_TactileoEdu_vertical-600x400-1.gif","datePublished":"2022-10-10T11:02:51+00:00","dateModified":"2022-10-10T11:06:18+00:00","breadcrumb":{"@id":"https:\/\/innovation-africa.com\/2022\/maskott-branded-partner\/#breadcrumb"},"inLanguage":"en-US","potentialAction":[{"@type":"ReadAction","target":["https:\/\/innovation-africa.com\/2022\/maskott-branded-partner\/"]}]},{"@type":"ImageObject","inLanguage":"en-US","@id":"https:\/\/innovation-africa.com\/2022\/maskott-branded-partner\/#primaryimage","url":"https:\/\/innovation-africa.com\/2022\/wp-content\/uploads\/2022\/09\/Logo_TactileoEdu_vertical-600x400-1.gif","contentUrl":"https:\/\/innovation-africa.com\/2022\/wp-content\/uploads\/2022\/09\/Logo_TactileoEdu_vertical-600x400-1.gif","width":600,"height":400},{"@type":"BreadcrumbList","@id":"https:\/\/innovation-africa.com\/2022\/maskott-branded-partner\/#breadcrumb","itemListElement":[{"@type":"ListItem","position":1,"name":"Home","item":"https:\/\/innovation-africa.com\/2022\/"},{"@type":"ListItem","position":2,"name":"Maskott &#8211; Branded Partner"}]},{"@type":"WebSite","@id":"https:\/\/innovation-africa.com\/2022\/#website","url":"https:\/\/innovation-africa.com\/2022\/","name":"Innovation Africa 2022","description":"Africa\u2019s Official Ministerial Summit","potentialAction":[{"@type":"SearchAction","target":{"@type":"EntryPoint","urlTemplate":"https:\/\/innovation-africa.com\/2022\/?s={search_term_string}"},"query-input":"required name=search_term_string"}],"inLanguage":"en-US"}]}},"_links":{"self":[{"href":"https:\/\/innovation-africa.com\/2022\/wp-json\/wp\/v2\/pages\/716"}],"collection":[{"href":"https:\/\/innovation-africa.com\/2022\/wp-json\/wp\/v2\/pages"}],"about":[{"href":"https:\/\/innovation-africa.com\/2022\/wp-json\/wp\/v2\/types\/page"}],"author":[{"embeddable":true,"href":"https:\/\/innovation-africa.com\/2022\/wp-json\/wp\/v2\/users\/1"}],"replies":[{"embeddable":true,"href":"https:\/\/innovation-africa.com\/2022\/wp-json\/wp\/v2\/comments?post=716"}],"version-history":[{"count":2,"href":"https:\/\/innovation-africa.com\/2022\/wp-json\/wp\/v2\/pages\/716\/revisions"}],"predecessor-version":[{"id":718,"href":"https:\/\/innovation-africa.com\/2022\/wp-json\/wp\/v2\/pages\/716\/revisions\/718"}],"wp:featuredmedia":[{"embeddable":true,"href":"https:\/\/innovation-africa.com\/2022\/wp-json\/wp\/v2\/media\/679"}],"wp:attachment":[{"href":"https:\/\/innovation-africa.com\/2022\/wp-json\/wp\/v2\/media?parent=716"}],"curies":[{"name":"wp","href":"https:\/\/api.w.org\/{rel}","templated":true}]}}