{"id":294,"date":"2022-06-29T14:41:05","date_gmt":"2022-06-29T13:41:05","guid":{"rendered":"https:\/\/innovation-africa.com\/2022\/?page_id=294"},"modified":"2022-07-25T16:42:36","modified_gmt":"2022-07-25T15:42:36","slug":"ciela-resort-and-spa","status":"publish","type":"page","link":"https:\/\/innovation-africa.com\/2022\/ciela-resort-and-spa\/","title":{"rendered":"Ci\u00eala Resort and Spa"},"content":{"rendered":"<div id=\"cs-content\" class=\"cs-content\"  ><div id=\"x-section-1\" class=\"x-section\" style=\"margin: 0px;padding: 0px; background-color: transparent;\"  ><div class=\"x-container max width\" style=\"margin: 0px auto;padding: 0px;\"  ><div  class=\"x-column x-sm x-1-1\" style=\"padding: 0px;\" ><h2  class=\"h-custom-headline h3\" ><span>Ci\u00eala Resort and Spa<\/span><\/h2><hr  class=\"x-gap\" style=\"margin: 20px 0 0 0;\"><\/div><\/div><div class=\"x-container max width\" style=\"margin: 0px auto;padding: 0px;\"  ><div  class=\"x-column x-sm x-2-3\" style=\"padding: 0px;\" ><div class=\"x-text cs-ta-justify\"  ><p>Ci\u00eala Resort and Spa epitomises the contemporary spirit of Africa Rising.  We are a beautifully considered continuation of a landscape that stretches from verdant countryside, to majestic plain, to beating-sun horizon and back again.<\/p>\n<p>Our 249-room luxury resort property is set in a tranquil, scenic estate which is home to a premier 18-hole Peter Matkovich golf course, setting the standard of golfing excellence in Zambia; The International Convention Centre (LICC); The Spa and a diverse choice of dining experiences including: The Brewery &#8211; where our REBEL craft beer is brewed, our all-day dining hotel restaurant Elements and BOTANICA \u2026 Zambia\u2019s first Fine Dining restaurant of its kinds.<\/p>\n<\/div><\/div><div  class=\"x-column x-sm x-1-3\" style=\"padding: 0px;\" ><img decoding=\"async\"  class=\"x-img x-img-thumbnail\"  src=\"https:\/\/innovation-africa.com\/2022\/wp-content\/uploads\/2022\/06\/Ciela_Logotype_with_Descriptor_RGB_HR-01-1024x502.png\" ><\/div><\/div><div class=\"x-container max width\" style=\"margin: 0px auto;padding: 0px;\"  ><div  class=\"x-column x-sm x-1-1\" style=\"padding: 0px;\" ><div class=\"x-text cs-ta-justify\"  ><p>Just 15 minutes from Lusaka International Airport, we give our guests the chance to experience the entire spectrum of Zambia\u2019s glorious views, weather, and activities, all from the most comfortable, calming and carefully created space.<\/p>\n<\/div><div class=\"x-text cs-ta-justify\"  ><table border=\"2\" width=\"100%\" cellspacing=\"10\" cellpadding=\"10\">\n<tbody>\n<tr>\n<td valign=\"top\" width=\"35%\">\n<h5 align=\"center\">Room Type<b><\/b><\/h5>\n<\/td>\n<td valign=\"top\" width=\"65%\">\n<h5 align=\"center\">Rate per night (Bed &amp; Breakfast)<\/h5>\n<\/td>\n<\/tr>\n<tr>\n<td style=\"text-align: center;\" valign=\"top\" width=\"35%\"><b>King Room<\/b><\/td>\n<td style=\"text-align: center;\" valign=\"top\" width=\"65%\"><span style=\"color: #ff0000;\"><strong>SOLD OUT<\/strong><\/span><\/td>\n<\/tr>\n<tr>\n<td style=\"text-align: center;\" valign=\"top\" width=\"35%\"><b>Queen Room<\/b><\/td>\n<td style=\"text-align: center;\" valign=\"top\" width=\"65%\"><span style=\"color: #ff0000;\"><strong>SOLD OUT<\/strong><\/span><\/td>\n<\/tr>\n<\/tbody>\n<\/table>\n<p>To check current availability with Ci\u00eala Resort, please email <strong><a href=\"mailto:ciela@innovation-africa.com\">ciela@innovation-africa.com<\/a><\/strong>.<\/p>\n<\/div><\/div><\/div><div class=\"x-container max width\" style=\"margin: 0px auto;padding: 0px;\"  ><div  class=\"x-column x-sm x-1-2\" style=\"padding: 0px;\" ><div class=\"x-text\"  ><h4>Location<\/h4>\n<p>CI\u00caLA RESORT &#038; SPA<br \/>\nNgwerere Road<br \/>\nBonanza Estate<br \/>\nLusaka ZM, 10110<br \/>\nZambia<\/p>\n<\/div><\/div><div  class=\"x-column x-sm x-1-2\" style=\"padding: 0px;\" ><div  class=\"x-map embed with-container\" ><div class=\"x-map-inner\"><iframe src=\"https:\/\/www.google.com\/maps\/embed?pb=!1m18!1m12!1m3!1d12946.530901464475!2d28.42877015203949!3d-15.266341597820572!2m3!1f0!2f0!3f0!3m2!1i1024!2i768!4f13.1!3m3!1m2!1s0x19406364416f5cd7%3A0x366f07026292288e!2sCi%C3%AAla%2C%20Lusaka%2C%20a%20Tribute%20Portfolio%20Resort%20and%20Spa!5e0!3m2!1sen!2suk!4v1656510573570!5m2!1sen!2suk\" width=\"600\" height=\"450\" style=\"border:0;\" allowfullscreen=\"\" loading=\"lazy\" referrerpolicy=\"no-referrer-when-downgrade\"><\/iframe><\/div><\/div><\/div><\/div><\/div><\/div>\n","protected":false},"excerpt":{"rendered":"<p>Ci\u00eala Resort and SpaCi\u00eala Resort and Spa epitomises the contemporary spirit of Africa Rising. We are a beautifully considered continuation of a landscape that stretches from verdant countryside, to majestic plain, to beating-sun horizon and back again. Our 249-room luxury resort property is set in a tranquil, scenic estate which &#8230; <\/p>\n<div><a href=\"https:\/\/innovation-africa.com\/2022\/ciela-resort-and-spa\/\" class=\"more-link\">Read More<\/a><\/div>\n","protected":false},"author":1,"featured_media":295,"parent":0,"menu_order":0,"comment_status":"closed","ping_status":"closed","template":"","meta":{"footnotes":""},"yoast_head":"<!-- This site is optimized with the Yoast SEO plugin v23.2 - https:\/\/yoast.com\/wordpress\/plugins\/seo\/ -->\n<title>Ci\u00eala Resort and Spa - Innovation Africa 2022<\/title>\n<meta name=\"robots\" content=\"index, follow, max-snippet:-1, max-image-preview:large, max-video-preview:-1\" \/>\n<link rel=\"canonical\" href=\"https:\/\/innovation-africa.com\/2022\/ciela-resort-and-spa\/\" \/>\n<meta property=\"og:locale\" content=\"en_US\" \/>\n<meta property=\"og:type\" content=\"article\" \/>\n<meta property=\"og:title\" content=\"Ci\u00eala Resort and Spa - Innovation Africa 2022\" \/>\n<meta property=\"og:description\" content=\"Ci\u00eala Resort and SpaCi\u00eala Resort and Spa epitomises the contemporary spirit of Africa Rising. We are a beautifully considered continuation of a landscape that stretches from verdant countryside, to majestic plain, to beating-sun horizon and back again. Our 249-room luxury resort property is set in a tranquil, scenic estate which ... Read More\" \/>\n<meta property=\"og:url\" content=\"https:\/\/innovation-africa.com\/2022\/ciela-resort-and-spa\/\" \/>\n<meta property=\"og:site_name\" content=\"Innovation Africa 2022\" \/>\n<meta property=\"article:modified_time\" content=\"2022-07-25T15:42:36+00:00\" \/>\n<meta property=\"og:image\" content=\"https:\/\/innovation-africa.com\/2022\/wp-content\/uploads\/2022\/06\/Ciela_Logotype_with_Descriptor_RGB_HR-01.png\" \/>\n\t<meta property=\"og:image:width\" content=\"1182\" \/>\n\t<meta property=\"og:image:height\" content=\"580\" \/>\n\t<meta property=\"og:image:type\" content=\"image\/png\" \/>\n<meta name=\"twitter:card\" content=\"summary_large_image\" \/>\n<meta name=\"twitter:label1\" content=\"Est. reading time\" \/>\n\t<meta name=\"twitter:data1\" content=\"3 minutes\" \/>\n<script type=\"application\/ld+json\" class=\"yoast-schema-graph\">{\"@context\":\"https:\/\/schema.org\",\"@graph\":[{\"@type\":\"WebPage\",\"@id\":\"https:\/\/innovation-africa.com\/2022\/ciela-resort-and-spa\/\",\"url\":\"https:\/\/innovation-africa.com\/2022\/ciela-resort-and-spa\/\",\"name\":\"Ci\u00eala Resort and Spa - Innovation Africa 2022\",\"isPartOf\":{\"@id\":\"https:\/\/innovation-africa.com\/2022\/#website\"},\"primaryImageOfPage\":{\"@id\":\"https:\/\/innovation-africa.com\/2022\/ciela-resort-and-spa\/#primaryimage\"},\"image\":{\"@id\":\"https:\/\/innovation-africa.com\/2022\/ciela-resort-and-spa\/#primaryimage\"},\"thumbnailUrl\":\"https:\/\/innovation-africa.com\/2022\/wp-content\/uploads\/2022\/06\/Ciela_Logotype_with_Descriptor_RGB_HR-01.png\",\"datePublished\":\"2022-06-29T13:41:05+00:00\",\"dateModified\":\"2022-07-25T15:42:36+00:00\",\"breadcrumb\":{\"@id\":\"https:\/\/innovation-africa.com\/2022\/ciela-resort-and-spa\/#breadcrumb\"},\"inLanguage\":\"en-US\",\"potentialAction\":[{\"@type\":\"ReadAction\",\"target\":[\"https:\/\/innovation-africa.com\/2022\/ciela-resort-and-spa\/\"]}]},{\"@type\":\"ImageObject\",\"inLanguage\":\"en-US\",\"@id\":\"https:\/\/innovation-africa.com\/2022\/ciela-resort-and-spa\/#primaryimage\",\"url\":\"https:\/\/innovation-africa.com\/2022\/wp-content\/uploads\/2022\/06\/Ciela_Logotype_with_Descriptor_RGB_HR-01.png\",\"contentUrl\":\"https:\/\/innovation-africa.com\/2022\/wp-content\/uploads\/2022\/06\/Ciela_Logotype_with_Descriptor_RGB_HR-01.png\",\"width\":1182,\"height\":580},{\"@type\":\"BreadcrumbList\",\"@id\":\"https:\/\/innovation-africa.com\/2022\/ciela-resort-and-spa\/#breadcrumb\",\"itemListElement\":[{\"@type\":\"ListItem\",\"position\":1,\"name\":\"Home\",\"item\":\"https:\/\/innovation-africa.com\/2022\/\"},{\"@type\":\"ListItem\",\"position\":2,\"name\":\"Ci\u00eala Resort and Spa\"}]},{\"@type\":\"WebSite\",\"@id\":\"https:\/\/innovation-africa.com\/2022\/#website\",\"url\":\"https:\/\/innovation-africa.com\/2022\/\",\"name\":\"Innovation Africa 2022\",\"description\":\"Africa\u2019s Official Ministerial Summit\",\"potentialAction\":[{\"@type\":\"SearchAction\",\"target\":{\"@type\":\"EntryPoint\",\"urlTemplate\":\"https:\/\/innovation-africa.com\/2022\/?s={search_term_string}\"},\"query-input\":\"required name=search_term_string\"}],\"inLanguage\":\"en-US\"}]}<\/script>\n<!-- \/ Yoast SEO plugin. -->","yoast_head_json":{"title":"Ci\u00eala Resort and Spa - Innovation Africa 2022","robots":{"index":"index","follow":"follow","max-snippet":"max-snippet:-1","max-image-preview":"max-image-preview:large","max-video-preview":"max-video-preview:-1"},"canonical":"https:\/\/innovation-africa.com\/2022\/ciela-resort-and-spa\/","og_locale":"en_US","og_type":"article","og_title":"Ci\u00eala Resort and Spa - Innovation Africa 2022","og_description":"Ci\u00eala Resort and SpaCi\u00eala Resort and Spa epitomises the contemporary spirit of Africa Rising. We are a beautifully considered continuation of a landscape that stretches from verdant countryside, to majestic plain, to beating-sun horizon and back again. Our 249-room luxury resort property is set in a tranquil, scenic estate which ... Read More","og_url":"https:\/\/innovation-africa.com\/2022\/ciela-resort-and-spa\/","og_site_name":"Innovation Africa 2022","article_modified_time":"2022-07-25T15:42:36+00:00","og_image":[{"width":1182,"height":580,"url":"https:\/\/innovation-africa.com\/2022\/wp-content\/uploads\/2022\/06\/Ciela_Logotype_with_Descriptor_RGB_HR-01.png","type":"image\/png"}],"twitter_card":"summary_large_image","twitter_misc":{"Est. reading time":"3 minutes"},"schema":{"@context":"https:\/\/schema.org","@graph":[{"@type":"WebPage","@id":"https:\/\/innovation-africa.com\/2022\/ciela-resort-and-spa\/","url":"https:\/\/innovation-africa.com\/2022\/ciela-resort-and-spa\/","name":"Ci\u00eala Resort and Spa - Innovation Africa 2022","isPartOf":{"@id":"https:\/\/innovation-africa.com\/2022\/#website"},"primaryImageOfPage":{"@id":"https:\/\/innovation-africa.com\/2022\/ciela-resort-and-spa\/#primaryimage"},"image":{"@id":"https:\/\/innovation-africa.com\/2022\/ciela-resort-and-spa\/#primaryimage"},"thumbnailUrl":"https:\/\/innovation-africa.com\/2022\/wp-content\/uploads\/2022\/06\/Ciela_Logotype_with_Descriptor_RGB_HR-01.png","datePublished":"2022-06-29T13:41:05+00:00","dateModified":"2022-07-25T15:42:36+00:00","breadcrumb":{"@id":"https:\/\/innovation-africa.com\/2022\/ciela-resort-and-spa\/#breadcrumb"},"inLanguage":"en-US","potentialAction":[{"@type":"ReadAction","target":["https:\/\/innovation-africa.com\/2022\/ciela-resort-and-spa\/"]}]},{"@type":"ImageObject","inLanguage":"en-US","@id":"https:\/\/innovation-africa.com\/2022\/ciela-resort-and-spa\/#primaryimage","url":"https:\/\/innovation-africa.com\/2022\/wp-content\/uploads\/2022\/06\/Ciela_Logotype_with_Descriptor_RGB_HR-01.png","contentUrl":"https:\/\/innovation-africa.com\/2022\/wp-content\/uploads\/2022\/06\/Ciela_Logotype_with_Descriptor_RGB_HR-01.png","width":1182,"height":580},{"@type":"BreadcrumbList","@id":"https:\/\/innovation-africa.com\/2022\/ciela-resort-and-spa\/#breadcrumb","itemListElement":[{"@type":"ListItem","position":1,"name":"Home","item":"https:\/\/innovation-africa.com\/2022\/"},{"@type":"ListItem","position":2,"name":"Ci\u00eala Resort and Spa"}]},{"@type":"WebSite","@id":"https:\/\/innovation-africa.com\/2022\/#website","url":"https:\/\/innovation-africa.com\/2022\/","name":"Innovation Africa 2022","description":"Africa\u2019s Official Ministerial Summit","potentialAction":[{"@type":"SearchAction","target":{"@type":"EntryPoint","urlTemplate":"https:\/\/innovation-africa.com\/2022\/?s={search_term_string}"},"query-input":"required name=search_term_string"}],"inLanguage":"en-US"}]}},"_links":{"self":[{"href":"https:\/\/innovation-africa.com\/2022\/wp-json\/wp\/v2\/pages\/294"}],"collection":[{"href":"https:\/\/innovation-africa.com\/2022\/wp-json\/wp\/v2\/pages"}],"about":[{"href":"https:\/\/innovation-africa.com\/2022\/wp-json\/wp\/v2\/types\/page"}],"author":[{"embeddable":true,"href":"https:\/\/innovation-africa.com\/2022\/wp-json\/wp\/v2\/users\/1"}],"replies":[{"embeddable":true,"href":"https:\/\/innovation-africa.com\/2022\/wp-json\/wp\/v2\/comments?post=294"}],"version-history":[{"count":6,"href":"https:\/\/innovation-africa.com\/2022\/wp-json\/wp\/v2\/pages\/294\/revisions"}],"predecessor-version":[{"id":428,"href":"https:\/\/innovation-africa.com\/2022\/wp-json\/wp\/v2\/pages\/294\/revisions\/428"}],"wp:featuredmedia":[{"embeddable":true,"href":"https:\/\/innovation-africa.com\/2022\/wp-json\/wp\/v2\/media\/295"}],"wp:attachment":[{"href":"https:\/\/innovation-africa.com\/2022\/wp-json\/wp\/v2\/media?parent=294"}],"curies":[{"name":"wp","href":"https:\/\/api.w.org\/{rel}","templated":true}]}}